divisor of 8398 and 266?
38
Calculate the greatest common divisor of 14 and 71078.
14
Calculate the highest common factor of 369 and 1599.
123
Calculate the greatest common factor of 106 and 2.
2
Calculate the greatest common divisor of 34065 and 45.
45
What is the highest common factor of 2268 and 36?
36
Calculate the greatest common divisor of 2632 and 28.
28
Calculate the highest common divisor of 12 and 40932.
12
Calculate the greatest common divisor of 117 and 261.
9
What is the greatest common divisor of 280 and 6790?
70
Calculate the greatest common divisor of 24089 and 26.
13
Calculate the greatest common factor of 42 and 350.
14
Calculate the highest common divisor of 279 and 9.
9
What is the highest common factor of 45 and 7605?
45
What is the greatest common factor of 16 and 1678?
2
Calculate the greatest common divisor of 356 and 801.
89
Calculate the highest common factor of 24 and 630.
6
Calculate the greatest common factor of 20 and 2290.
10
What is the greatest common divisor of 152 and 361?
19
Calculate the greatest common divisor of 66 and 561.
33
Calculate the highest common divisor of 855 and 228.
57
Calculate the highest common divisor of 546 and 390.
78
Calculate the highest common factor of 25 and 305.
5
What is the highest common factor of 228 and 2166?
114
What is the greatest common divisor of 104 and 7748?
52
Calculate the greatest common factor of 55 and 120.
5
What is the highest common divisor of 2106 and 4050?
162
What is the greatest common divisor of 210 and 240?
30
Calculate the greatest common factor of 100 and 8.
4
Calculate the highest common divisor of 51 and 408.
51
Calculate the highest common divisor of 115482 and 38.
38
What is the greatest common divisor of 88 and 176?
88
Calculate the highest common factor of 3601 and 26.
13
Calculate the highest common divisor of 851 and 1221.
37
Calculate the greatest common divisor of 31 and 31.
31
What is the highest common factor of 624 and 816?
48
Calculate the highest common divisor of 152 and 6764.
76
What is the highest common divisor of 266 and 42?
14
What is the greatest common divisor of 108 and 252?
36
What is the greatest common divisor of 36 and 15828?
12
What is the greatest common factor of 159 and 424?
53
What is the highest common factor of 2292 and 12?
12
What is the greatest common divisor of 26 and 1118?
26
What is the greatest common factor of 80 and 380?
20
What is the highest common factor of 725 and 25?
25
Calculate the highest common divisor of 96 and 2592.
96
What is the highest common divisor of 78 and 598?
26
Calculate the greatest common factor of 4183 and 940.
47
What is the highest common factor of 66 and 154?
22
What is the highest common divisor of 20203 and 445?
89
Calculate the greatest common divisor of 1001 and 2821.
91
What is the greatest common divisor of 304 and 32?
16
Calculate the highest common divisor of 10 and 2430.
10
What is the greatest common divisor of 24 and 1956?
12
Calculate the greatest common factor of 2686 and 51.
17
What is the highest common divisor of 273 and 336?
21
What is the highest common divisor of 56 and 24?
8
Calculate the greatest common divisor of 3648 and 156.
12
What is the greatest common factor of 10 and 1270?
10
Calculate the greatest common factor of 12 and 7932.
12
What is the greatest common factor of 32812 and 65?
13
What is the highest common factor of 612 and 144?
36
What is the greatest common divisor of 1212 and 24?
12
Calculate the greatest common factor of 19696 and 16.
16
Calculate the highest common divisor of 1485 and 2.
1
Calculate the highest common divisor of 99 and 11.
11
What is the highest common divisor of 3237 and 78?
39
What is the highest common factor of 118 and 354?
118
What is the highest common divisor of 2400 and 275?
25
Calculate the highest common factor of 4 and 596.
4
Calculate the highest common divisor of 1341 and 117.
9
What is the greatest common factor of 55 and 5?
5
Calculate the highest common factor of 20 and 1460.
20
What is the highest common factor of 4312 and 770?
154
What is the greatest common factor of 275 and 125?
25
What is the greatest common factor of 1001 and 364?
91
Calculate the highest common factor of 689 and 13.
13
Calculate the highest common factor of 2640 and 495.
165
Calculate the greatest common factor of 90 and 30.
30
What is the highest common divisor of 99 and 253?
11
Calculate the greatest common divisor of 4642 and 66.
22
Calculate the greatest common divisor of 7040 and 192.
64
What is the highest common factor of 32 and 512?
32
What is the greatest common factor of 32 and 160?
32
Calculate the greatest common factor of 268 and 201.
67
What is the highest common factor of 16 and 400?
16
Calculate the greatest common divisor of 94 and 16.
2
What is the highest common factor of 30 and 150?
30
What is the greatest common divisor of 39 and 91?
13
What is the highest common factor of 246 and 26322?
246
Calculate the greatest common factor of 21769 and 22.
11
What is the greatest common divisor of 164 and 1558?
82
Calculate the highest common divisor of 1620 and 25.
5
Calculate the highest common factor of 61 and 3721.
61
What is the greatest common divisor of 130 and 20?
10
Calculate the greatest common divisor of 3136 and 64.
64
Calculate the highest common divisor of 2047 and 115.
23
What is the greatest common factor of 518 and 42?
14
Calculate the greatest common divisor of 207 and 33.
3
Calculate the greatest common factor of 143 and 104.
13
Calculate the highest common divisor of 28 and 329.
7
Calculate the highest common factor of 108 and 1260.
36
What is the greatest common factor of 3234 and 132?
66
What is the greatest common factor of 79024 and 176?
176
What is the highest common factor of 40399 and 71?
71
What is the highest common factor of 140 and 105?
35
Calculate the greatest common factor of 1200 and 48.
48
Calculate the highest common factor of 44 and 165.
11
Calculate the highest common divisor of 161 and 5152.
161
Calculate the greatest common divisor of 275 and 11.
11
What is the greatest common divisor of 7120 and 520?
40
Calculate the highest common divisor of 721 and 14.
7
What is the greatest common divisor of 817 and 19?
19
What is the highest common divisor of 81 and 351?
27
What is the greatest common divisor of 150 and 1095?
15
Calculate the greatest common factor of 5180 and 40.
20
What is the greatest common factor of 8591 and 11?
11
Calculate the highest common divisor of 86 and 22.
2
What is the highest common divisor of 164 and 205?
41
What is the highest common factor of 84 and 8?
4
Calculate the highest common factor of 21622 and 76.
38
Calculate the greatest common divisor of 84 and 2532.
12
Calculate the greatest common divisor of 144 and 168.
24
What is the greatest common factor of 112 and 22960?
112
What is the greatest common divisor of 6 and 39?
3
What is the highest common factor of 697 and 51?
17
What is the highest common divisor of 60 and 4170?
30
What is the greatest common factor of 36 and 8?
4
Calculate the greatest common divisor of 2088 and 198.
18
What is the greatest common factor of 18644 and 158?
158
Calculate the highest common divisor of 1 and 649.
1
What is the greatest common divisor of 112 and 9576?
56
Calculate the greatest common factor of 1000 and 125.
125
Calculate the highest common divisor of 117 and 104.
13
What is the greatest common factor of 2 and 634?
2
What is the greatest common divisor of 8 and 1828?
4
Calculate the greatest common divisor of 145 and 2929.
29
What is the greatest common factor of 767 and 26?
13
What is the greatest common divisor of 45 and 4374?
9
What is the greatest common divisor of 1632 and 192?
96
Calculate the greatest common factor of 100 and 225.
25
Calculate the highest common divisor of 47322 and 198.
198
Calculate the highest common divisor of 896 and 784.
112
What is the greatest common divisor of 1189 and 377?
29
What is the highest common factor of 5710 and 10?
10
Calculate the greatest common divisor of 12 and 1164.
12
What is the greatest common factor of 292 and 6?
2
What is the greatest common divisor of 384 and 10272?
96
What is the highest common divisor of 650 and 1350?
50
Calculate the highest common factor of 32